)?
2
Let b(k) = -2*k**2 - k - 1. Let m be 1/((3 + -2)*-1). Let y be (-2)/m*(4 + -6). Let o be -4 - 6/(1 + y). Calculate b(o).
-7
Suppose -8*i - 2 = -6*i. Let l(s) = -2*s**2 - 1. Determine l(i).
-3
Let n(r) be the second derivative of -11/6*r**3 - r + 0 - 1/2*r**2. Suppose -3 = -5*y - 8. Calculate n(y).
10
Let a(q) = 6*q**3 + 2*q**2 - q + 4. Let p(l) = 7 + 11*l**3 - 2*l**2 - 2*l + 3*l**2 + 3*l**2. Let m(z) = -7*a(z) + 4*p(z). Determine m(-2).
-6
Let g(h) = h + 6. Let w(r) = 2*r + 19. Let z(o) = -8*g(o) + 3*w(o). Determine z(7).
-5
Let w(r) = -r - 10. Let o be w(-9). Let q(g) be the second derivative of -g**4/4 - g**3/6 - g**2/2 - 5*g. Calculate q(o).
-3
Let p(g) = -4*g**3 - 10*g**2 - 4*g - 3. Let r(l) = -l**3 - l**2 - l - 1. Let y(b) = -p(b) + 5*r(b). Let w = 2 - -3. What is y(w)?
-7
Let z(r) = 2*r**2 - 2*r - 2. Let t = -15 - -16. Suppose -4*y - t = -13. Give z(y).
10
Let o(m) = m + 1. Let d(c) = -3*c - 3. Let x(v) = -2*d(v) - 5*o(v). Give x(-5).
-4
Suppose -3*t = 6 + 6. Let o(f) be the first derivative of -f**4/4 - 5*f**3/3 - 5*f**2/2 - 2*f - 3. Calculate o(t).
2
Let n be 1/(6/(-2))*(-3 + 0). Let j(y) = 7*y**2 + y. Give j(n).
8
Let u(r) = -1 - 7*r**3 + 3*r + 0*r + 0 + 6*r**3. Suppose 0 = 5*a + 4 - 14. Calculate u(a).
-3
Suppose 0 = -5*s - 117 + 177. Let g(h) = -h**3 + 13*h**2 - 13*h + 2. Give g(s).
-10
Let f = -7 - 26. Let p be (-4)/14 - f/(-7). Let r(b) = -75*b + 82*b + b**2 + 2 + 4. Determine r(p).
-4
Let x(z) be the first derivative of -z**4/4 - z**3/3 - z**2/2 - z + 13. Determine x(-1).
0
Let v(i) = -4*i**2 - 2*i + 13*i**3 + 6 - 1 - 12*i**3. Let k(h) = 2*h - 8. Suppose -2*r - 6 = -3*r. Let u be k(r). What is v(u)?
-3
Let o(i) = i**3 + i**2 + i - 11. Suppose 3*a + 2*n + 6 - 4 = 0, 0 = -3*a - 3*n - 3. Suppose -u - u = a. Calculate o(u).
-11
Let f(u) = u**3 - 4*u**2 + 3*u + 3. Let a be f(3). Suppose -2*d - 5*q = -d - 12, q = -a*d + 8. Let i be d/3 - 15/9. Let b(r) = 7*r**3 - 2*r - 1. Give b(i).
-6
Let q(x) = -x**3 + 6 - 4 - 5*x**2 - 6 + 4*x. Give q(-6).
8
Let j be -1 + 5 - (-10 + 19) - 1. Let q(t) = t**2 + 5*t + 4. What is q(j)?
10
Let x(a) = a**2 + 1. Let o(l) = 4*l**2 - 11*l + 10. Let t(d) = -o(d) + 3*x(d). What is t(10)?
3
Let a(u) = -u**2 - 2*u + 5. Let r be (-2)/3 - 1/3. Let j(t) = 4*t**3 - t**2 - t. Let z be j(r). What is a(z)?
-3
Let i be 9/(-3)*(-8)/(-6). Let r(w) = 5*w**2 + 2*w + 2. Let q(g) = -g**2 - 1. Let t(s) = -4*q(s) - r(s). Give t(i).
-6
Suppose -20*m - 22 + 162 = 0. Let v(k) = 3*k - 9. Calculate v(m).
12
Let u(m) = m**3 - 22 - m + 27 - 2*m - 3*m**2. Let o(x) = -x**2 + 3*x + 2. Let r be o(2). Determine u(r).
9
Suppose 3*u + 2*u - 10 = 0. Let z be 22/(-4) - u/(-4). Let v(j) be the second derivative of j**5/20 + j**4/3 - j**3/3 + 7*j**2/2 + 2*j. What is v(z)?
-8
Let q(f) = 2 + 2 - 6 + 6*f - 3*f. Give q(4).
10
Let p(q) be the first derivative of -q**4/4 + q + 7. Determine p(-2).
9
Let w(i) = 3*i + 7. Suppose -d + 3 = s + s, 5*d - s = -29. Calculate w(d).
-8
Suppose -29 = 3*c + 7. Let x(h) = -h**2 - 11*h + 3. Give x(c).
-9
Let j(l) = l**2 - l - 3. Let w = -6 - -3. Let f be j(w). Let c(y) = -y**3 + 8*y**2 + 8*y + 8. Let p be c(f). Let k(m) = -4*m**3 - m. What is k(p)?
5
Let y(c) = -c**2 - 5*c - 3. Let l(b) be the first derivative of -4*b + 3*b**2 - 2 - 1/3*b**3. Let v be l(6). Determine y(v).
1
Let x(b) be the first derivative of b**2/2 - 6*b + 11. What is x(0)?
-6
Suppose -w = 3*d - 4*w + 24, 34 = -5*d + 3*w. Let v(z) = 1 + 3 - 5 + z. Calculate v(d).
-6
Let y(h) = 11*h**3 - 6 + 2*h**2 + 3 - 4*h + 3*h**2 - 12*h**3. Let g(r) = 9*r + 17. Let z(b) = 4*b + 8. Let w(n) = 2*g(n) - 5*z(n). Let j be w(-5). Give y(j).
-3
Let o(x) = -x**2 - x + 6. Suppose -3*z - 15 = 0, 2*z - 4 = 2*u - 0*u. Let k = u + 7. Suppose 0*y - 4*y - 4*p + 12 = k, -6 = 3*y - 2*p. Determine o(y).
6
Suppose 0 = 3*w + m + 38 - 111, -5*w + 5*m = -115. Let p be (2/8)/(2/w). Let y(f) = -f**2 + 3. What is y(p)?
-6
Let z(n) = n + 1. Let r be (-20)/(-8)*12/10. Let y(f) = f**3 - 4*f**2 + f + 3. Let j be y(r). Determine z(j).
-2
Let b(x) be the first derivative of -x**5/60 - 7*x**4/24 - x**3/2 + x**2/2 + 4. Let g(k) be the second derivative of b(k). What is g(-5)?
7
Let y = 5 - 10. Let b = 7 + y. Let t(m) = -3 - 7*m - m**b + 0*m + 12*m. What is t(3)?
3
Let c(g) = -g. Let u(f) = 2*f + 1. Let l = 22 + -11. Suppose -2*z - l = -2*b + 3, 21 = -4*z - 3*b. Let d(x) = z*c(x) - u(x). Calculate d(-1).
-5
Let w be -1 + 11 + -3 + 2. Let l(j) = -j - 2*j + j + w. Calculate l(6).
-3
Let n(g) = -g**3 + 2*g**2 + 2*g + 1. Let w(o) = -o**2 - 6*o - 1. Let p be w(-6). Let r be (1 - p)*4/(-8). What is n(r)?
2
Let b(y) = -y**2 - y - 1. Let g(d) = -4*d**2 - 11*d - 5. Let j(n) = 5*b(n) - g(n). Determine j(3).
9
Let w be (-2)/(-8) - (-105)/28. Let g(f) = -w - 2 - f + f + f. Give g(3).
-3
Let c(s) be the first derivative of s**4/4 - 4*s**3/3 - 5*s**2/2 + s - 3. Let g = 4 - 5. Let n = 4 - g. Determine c(n).
1
Suppose -4*t + 0*t = 3*y + 23, 0 = -2*y - 2. Let n(i) be the second derivative of -i**3/6 + i**2 + 10*i. Give n(t).
7
Let i(y) = 3*y**3 + 2*y**2. Let t = -13 - -11. Give i(t).
-16
Let d(n) = 6*n**3 + n**2 + n. Suppose 0*l + 2 = -2*l. Determine d(l).
-6
Let s = -3 - -3. Suppose s = 3*k + 5*y + 6, 0*y = 3*y + 9. Let g(h) = -h**3 + 2*h**k + 3*h**2 + 0*h**3 - 3*h + 3. Give g(-4).
-1
Suppose 0 = -l - 2*d - 2*d - 1, d = -3*l + 19. Let k(r) = r - 15. Calculate k(l).
-8
Let j(c) be the second derivative of -c**5/20 + c**4/3 - c**3/6 + 2*c**2 - 2*c. What is j(3)?
10
Let q(l) = l - 10. Suppose 0 = -0*k + 2*k - 66. Suppose 3*n - 3 = 12. Suppose -3 = n*s - k. What is q(s)?
-4
Let q(r) = r**3 + r**2 - 3*r + 1. Let z(u) = -2*u**3 - 3*u**2 + 5*u - 2. Let b(t) = -7*q(t) - 4*z(t). Give b(-4).
13
Let s(d) = -2*d - 3. Suppose 5*m - 2*m - 13 = 5*x, -x - m = 9. Calculate s(x).
7
Let y(v) = -13*v**2 + 1. Let c = -23 + 22. Calculate y(c).
-12
Let q(v) = -2*v**2 - 2*v + 1. Let o(g) = -g - 2. Let a be o(-2). Let w = 8 + a. Suppose -6*c + 2*h = -5*c - w, 0 = 4*c + 5*h + 33. Give q(c).
-3
Suppose 10 = -2*k - n + 5*n, -4*k = -4*n. Suppose -3*q - q = 0. Let x(h) = 0*h**3 + q + 2 - 3*h**3 + 5*h**2 + 2*h**3. Give x(k).
2
Let k(l) = 6*l + 0*l**2 + 4*l**2 - 2 - 3*l**2 + 4. Give k(-7).
9
Let m(y) = 4*y - 2. Let w(l) = -l. Let f(n) = -m(n) + 4*w(n). Calculate f(2).
-14
Let r(g) = -g - 6. Let b(w) = -13*w. Let l be b(1). Let h = l + 13. Calculate r(h).
-6
Let j(f) = f**2 - 6*f - 2. Let h(k) = k**3 + 17*k**2 + 17*k + 20. Let r be h(-16). Give j(r).
-10
Let n(t) = t + 7. Let g(k) = k**2 - 7*k + 2. Let v be g(6). Let z be v*((-33)/(-12) + -2). What is n(z)?
4
Let u(h) = 2*h**3 - 4*h - 4*h**2 + h - h**3. Determine u(5).
10
Let c(s) = s**3 + s**2 - 2*s - 3. Let b be (-3)/1*(-2)/(-3). Determine c(b).
-3
Let f(o) = -o. Let a be (0 - -1)/(2/12). Give f(a).
-6
Let b(i) = i**2 - 8*i - 4. Suppose 3*p - 5*u + 1 = 0, 2*p - u - 6 = u. Calculate b(p).
-4
Let q(y) be the second derivative of -2*y - 2/3*y**3 - 7/2*y**2 + 1/12*y**4 + 0. Give q(5).
-2
Let k = 133/6 - 22. Let r(a) be the third derivative of 0 - 1/12*a**4 + 0*a - 2*a**2 + k*a**3 - 1/15*a**5. Determine r(1).
-5
Let n(s) be the first derivative of s**4/6 + s**3/3 - s**2 + s - 2. Let r(d) be the first derivative of n(d). What is r(-2)?
2
Let h(o) = -7*o**2 - 2*o - 1. Let d(n) = n**3 + 7*n**2 - n - 8. Let t be d(-7). Calculate h(t).
-6
Suppose -4*n + 4*p = 0, -4*p + 6 = 3*n - 5*p. Let z(s) = 4*s + 1. Calculate z(n).
13
Let n be (-1 - -1)/(-1 - (0 + 1)). Let m(w) = -1 - w - 1 + 5 + 0. Determine m(n).
3
Let p(m) be the second derivative of -m**4/12 + m**2/2 - 5*m. Determine p(-1).
0
Let d(h) = 2*h + 7. Let r(f) = -f**2 - 4*f - 1. Let x be r(-5). Calculate d(x).
-5
Let k(a) = a**3 + a**2 + 2*a - 1. Suppose 2*q - 8 - 4 = 0. Suppose -s = -q - 14. Let i be (-8)/s*5*1. Calculate k(i).
-9
Let f(p) = 3 - 5*p**3 + 6*p + 2 + 4*p**2 + 4*p**3. Let x(q) = -2*q**2 + 1. Let d be x(1). Let b = 6 + d. Determine f(b).
10
Let f(j) be the second derivative of -j**5/20 - 7*j**4/12 - j**3 - 3*j**2 - 4*j. Let l be f(-6). Let h(t) = t**2 + 6*t + 1. Calculate h(l).
1
Let a(g) be the second derivative of -g**6/360 - g**5/60 - g**4/24 + 2*g**3/3 + 3*g. Let l(d) be the second derivative of a(d). Give l(-2).
-1
Let f(p) be the second derivative of 8*p + 0*p**2 - 1/3*p**3 + 0. Let o = 2 - 5. Give f(o).
6
Let y(p) = 2*p